975527?
7
What is the thousands digit of 839656?
9
What is the thousands digit of 809806?
9
What is the thousands digit of 367317?
7
What is the tens digit of 1636056?
5
What is the tens digit of 7865334?
3
What is the thousands digit of 282596?
2
What is the ten thousands digit of 5829007?
2
What is the thousands digit of 261443?
1
What is the ten thousands digit of 897391?
9
What is the hundred thousands digit of 33202363?
2
What is the ten thousands digit of 15864202?
6
What is the units digit of 3140045?
5
What is the millions digit of 3002179?
3
What is the hundreds digit of 33766?
7
What is the tens digit of 2470799?
9
What is the thousands digit of 25249444?
9
What is the hundreds digit of 13120328?
3
What is the units digit of 104035?
5
What is the thousands digit of 1858657?
8
What is the units digit of 443352?
2
What is the units digit of 11352265?
5
What is the hundreds digit of 2205304?
3
What is the hundreds digit of 176376?
3
What is the hundred thousands digit of 10065546?
0
What is the units digit of 1289910?
0
What is the tens digit of 1519758?
5
What is the ten millions digit of 36411046?
3
What is the tens digit of 376810?
1
What is the thousands digit of 20548815?
8
What is the tens digit of 977056?
5
What is the thousands digit of 1733670?
3
What is the units digit of 3623930?
0
What is the thousands digit of 994008?
4
What is the millions digit of 1827373?
1
What is the millions digit of 2666008?
2
What is the millions digit of 14646403?
4
What is the thousands digit of 2410256?
0
What is the tens digit of 1608276?
7
What is the hundred thousands digit of 697668?
6
What is the tens digit of 116831?
3
What is the tens digit of 15274623?
2
What is the hundreds digit of 180207?
2
What is the hundreds digit of 334168?
1
What is the hundred thousands digit of 501911?
5
What is the thousands digit of 16615715?
5
What is the millions digit of 30939967?
0
What is the thousands digit of 5502262?
2
What is the hundred thousands digit of 6760900?
7
What is the hundreds digit of 1937218?
2
What is the hundred thousands digit of 618020?
6
What is the units digit of 5565988?
8
What is the ten thousands digit of 11793982?
9
What is the hundreds digit of 21137?
1
What is the units digit of 11457374?
4
What is the tens digit of 15995342?
4
What is the hundreds digit of 536022?
0
What is the units digit of 1836421?
1
What is the thousands digit of 8583146?
3
What is the hundred thousands digit of 5220838?
2
What is the hundreds digit of 62056?
0
What is the tens digit of 18942726?
2
What is the ten millions digit of 17518143?
1
What is the hundred thousands digit of 180331?
1
What is the thousands digit of 290417?
0
What is the tens digit of 527933?
3
What is the hundred thousands digit of 1345168?
3
What is the ten thousands digit of 3028700?
2
What is the ten thousands digit of 803606?
0
What is the units digit of 3383307?
7
What is the tens digit of 2788064?
6
What is the millions digit of 3687101?
3
What is the ten thousands digit of 2498743?
9
What is the units digit of 3082038?
8
What is the units digit of 2894648?
8
What is the hundred thousands digit of 7094926?
0
What is the hundred thousands digit of 685295?
6
What is the hundred thousands digit of 202538?
2
What is the hundred thousands digit of 2334666?
3
What is the ten thousands digit of 3660134?
6
What is the hundreds digit of 2032767?
7
What is the units digit of 2309326?
6
What is the tens digit of 136710?
1
What is the ten thousands digit of 22695799?
9
What is the hundred thousands digit of 9928109?
9
What is the tens digit of 8245538?
3
What is the ten thousands digit of 7062383?
6
What is the units digit of 445628?
8
What is the thousands digit of 1601060?
1
What is the tens digit of 1272333?
3
What is the thousands digit of 442363?
2
What is the millions digit of 3185742?
3
What is the thousands digit of 271033?
1
What is the units digit of 282704?
4
What is the hundreds digit of 786183?
1
What is the ten thousands digit of 6027700?
2
What is the hundreds digit of 430217?
2
What is the units digit of 277066?
6
What is the thousands digit of 2759453?
9
What is the thousands digit of 164343?
4
What is the thousands digit of 13237501?
7
What is the thousands digit of 145820?
5
What is the millions digit of 4400051?
4
What is the units digit of 57721?
1
What is the tens digit of 6864517?
1
What is the hundreds digit of 919241?
2
What is the units digit of 387947?
7
What is the thousands digit of 1363579?
3
What is the millions digit of 1701712?
1
What is the hundreds digit of 397322?
3
What is the hundred thousands digit of 5246430?
2
What is the hundred thousands digit of 18892380?
8
What is the tens digit of 9079601?
0
What is the ten thousands digit of 10623300?
2
What is the ten thousands digit of 1988713?
8
What is the ten thousands digit of 81695?
8
What is the tens digit of 4017593?
9
What is the units digit of 4005?
5
What is the thousands digit of 30529579?
9
What is the thousands digit of 23752092?
2
What is the ten thousands digit of 160440?
6
What is the hundred thousands digit of 735625?
7
What is the hundreds digit of 2049807?
8
What is the tens digit of 149079?
7
What is the thousands digit of 5223101?
3
What is the hundred thousands digit of 390510?
3
What is the tens digit of 11520745?
4
What is the tens digit of 237566?
6
What is the ten thousands digit of 11890355?
9
What is the units digit of 119531?
1
What is the ten thousands digit of 20201257?
0
What is the thousands digit of 41698?
1
What is the units digit of 150315?
5
What is the ten thousands digit of 22633342?
3
What is the hundreds digit of 106220?
2
What is the hundreds digit of 1678469?
4
What is the ten thousands digit of 11534660?
3
What is the units digit of 399557?
7
What is the tens digit of 680959?
5
What is the tens digit of 30348?
4
What is the millions digit of 4588386?
4
What is the thousands digit of 41041?
1
What is the hundred thousands digit of 2736313?
7
What is the ten thousands digit of 3277049?
7
What is the ten thousands digit of 818934?
1
What is the tens digit of 88854?
5
What is the thousands digit of 1095771?
5
What is the hundred thousands digit of 571658?
5
What is the millions digit of 7907771?
7
What is the hundreds digit of 2079650?
6
What is the hundreds digit of 2606400?
4
What is the ten thousands digit of 1809882?
0
What is the hundreds digit of 861795?
7
What is the hundreds digit of 3356957?
9
What is the thousands digit of 236320?
6
What is the ten thousands digit of 4329821?
2
What is the units digit of 1837184?
4
What is the thousands digit of 4534736?
4
What is the units digit of 692068?
8
What is the hundreds digit of 1345090?
0
What is the units digit of 3286238?
8
What is the units digit of 10040655?
5
What is the tens digit of 481738?
3
What is the units digit of 590820?
0
What is the tens digit of 112660?
6
What is the ten thousands digit of 331217?
3
What is the tens digit of 3061426?
2
What is the tens digit of 3569382?
8
What is the hundreds digit of 2328950?
9
What is the tens digit of 4584849?
4
What is the tens digit of 604365?
6
What is the hundreds digit of 227749?
7
What is the units digit of 11263418?
8
What is the hundreds digit of 882245?
2
What is the hundreds digit of 31611746?
7
What is the millions digit of 5054540?
5
What is the tens digit of 169158?
5
What is the ten thousands digit of 363740?
6
What is the thousands digit of 1081356?
1
What is the thousands digit of 393265?
3
What is the hundred thousands digit of 9077208?
0
What is the tens digit of 817649?
4
What is the hundreds digit of 805011?
0
What is the units digit of 450928?
8
What is the millions digit of 8196176?
8
What is the thousands digit of 4403574?
3
What is the hundred thousands digit of 1460206?
4
What is the hundreds digit of 903196?
1
What is the hundred thousands digit of 2128841?
1
What is the ten thousands digit of 838760?
3
What is the tens digit of 387638?
3
What is the hundreds digit of 223302?
3
What is the millions digit of 1247075?
1
What is the hundred thousands digit of 5976393?
9
What is the thousands digit of 22843198?
3
What is the tens digit of 3715839?
3
What is the hundred thousands digit of 2185454?
1
What is the units digit of 32330?
0
